{"id":3,"date":"2025-03-27T16:39:38","date_gmt":"2025-03-27T16:39:38","guid":{"rendered":"http:\/\/dimbud.pl\/?page_id=3"},"modified":"2025-04-09T17:44:23","modified_gmt":"2025-04-09T17:44:23","slug":"privacy-policy","status":"publish","type":"page","link":"https:\/\/dimbud.pl\/index.php\/privacy-policy\/","title":{"rendered":"Polityka prywatno\u015bci i cookies"},"content":{"rendered":"\t\t<div data-elementor-type=\"wp-page\" data-elementor-id=\"3\" class=\"elementor elementor-3\">\n\t\t\t\t<div class=\"elementor-element elementor-element-25f11fa e-flex e-con-boxed e-con e-parent\" data-id=\"25f11fa\" data-element_type=\"container\">\n\t\t\t\t\t<div class=\"e-con-inner\">\n\t\t\t\t<div class=\"elementor-element elementor-element-5e1f566f elementor-widget elementor-widget-text-editor\" data-id=\"5e1f566f\" data-element_type=\"widget\" data-widget_type=\"text-editor.default\">\n\t\t\t\t<div class=\"elementor-widget-container\">\n\t\t\t\t\t\t\t\t\t<p class=\"\" data-start=\"160\" data-end=\"194\"><strong data-start=\"160\" data-end=\"194\">Polityka Prywatno\u015bci i cookies<\/strong><\/p><p class=\"\" data-start=\"196\" data-end=\"239\"><strong data-start=\"196\" data-end=\"239\">Data ostatniej aktualizacji: 09.04.2025<\/strong><\/p><p class=\"\" data-start=\"241\" data-end=\"712\">Firma DIM BUD DMYTRO ROMANCHUK z siedzib\u0105 w Warszawie, ul. Jugos\u0142owia\u0144ska 15D\/56, 03-984 Warszawa, (&#8222;my&#8221;, &#8222;nas&#8221;, &#8222;nasza firma&#8221;) szanuje prywatno\u015b\u0107 u\u017cytkownik\u00f3w odwiedzaj\u0105cych nasz\u0105 stron\u0119 internetow\u0105 i zobowi\u0105zuje si\u0119 do ochrony danych osobowych zgodnie z obowi\u0105zuj\u0105cymi przepisami prawa, w tym z Rozporz\u0105dzeniem Parlamentu Europejskiego i Rady (UE) 2016\/679 z dnia 27 kwietnia 2016 r. w sprawie ochrony os\u00f3b fizycznych w zwi\u0105zku z przetwarzaniem danych osobowych (RODO).<\/p><h3 class=\"\" data-start=\"714\" data-end=\"741\">1. Jakie dane zbieramy?<\/h3><p class=\"\" data-start=\"743\" data-end=\"964\">Na naszej stronie internetowej nie zbieramy danych osobowych w tradycyjny spos\u00f3b, poniewa\u017c nie posiadamy formularza kontaktowego ani newslettera. Niemniej jednak, zbieramy dane w spos\u00f3b automatyczny, kt\u00f3re mog\u0105 obejmowa\u0107:<\/p><ul data-start=\"966\" data-end=\"1626\"><li class=\"\" data-start=\"966\" data-end=\"1168\"><p class=\"\" data-start=\"968\" data-end=\"1168\"><strong data-start=\"968\" data-end=\"986\">Numer telefonu<\/strong> \u2013 Je\u015bli u\u017cytkownik kliknie w nasz numer telefonu na stronie (np. na urz\u0105dzeniu mobilnym), dane o wykonanym po\u0142\u0105czeniu mog\u0105 zosta\u0107 zarejestrowane przez jego urz\u0105dzenie lub aplikacj\u0119.<\/p><\/li><li class=\"\" data-start=\"1169\" data-end=\"1407\"><p class=\"\" data-start=\"1171\" data-end=\"1407\"><strong data-start=\"1171\" data-end=\"1186\">Adres email<\/strong> \u2013 Je\u015bli u\u017cytkownik kliknie w link mailto (np. na urz\u0105dzeniu mobilnym lub komputerze), jego aplikacja pocztowa mo\u017ce zarejestrowa\u0107 dane zwi\u0105zane z wys\u0142aniem wiadomo\u015bci, takie jak adres e-mail nadawcy oraz tre\u015b\u0107 wiadomo\u015bci.<\/p><\/li><li class=\"\" data-start=\"1408\" data-end=\"1626\"><p class=\"\" data-start=\"1410\" data-end=\"1626\">Informacje o urz\u0105dzeniu, z kt\u00f3rego u\u017cytkownik odwiedza nasz\u0105 stron\u0119, takie jak adres IP, typ przegl\u0105darki, czas dost\u0119pu, dane o systemie operacyjnym, informacje o stronie, z kt\u00f3rej u\u017cytkownik trafi\u0142 na nasz\u0105 witryn\u0119.<\/p><\/li><\/ul><h3 class=\"\" data-start=\"1628\" data-end=\"1660\">2. Cele przetwarzania danych<\/h3><p class=\"\" data-start=\"1662\" data-end=\"1700\">Przetwarzamy dane u\u017cytkownik\u00f3w w celu:<\/p><ul data-start=\"1702\" data-end=\"2129\"><li class=\"\" data-start=\"1702\" data-end=\"1841\"><p class=\"\" data-start=\"1704\" data-end=\"1841\">Umo\u017cliwienia u\u017cytkownikowi \u0142atwego kontaktu z nasz\u0105 firm\u0105 za pomoc\u0105 klikni\u0119cia na numer telefonu, kt\u00f3ry inicjuje po\u0142\u0105czenie telefoniczne.<\/p><\/li><li class=\"\" data-start=\"1842\" data-end=\"1963\"><p class=\"\" data-start=\"1844\" data-end=\"1963\">Umo\u017cliwienia u\u017cytkownikowi \u0142atwego kontaktu za pomoc\u0105 klikni\u0119cia na link mailto, co inicjuje wys\u0142anie wiadomo\u015bci email.<\/p><\/li><li class=\"\" data-start=\"1964\" data-end=\"2026\"><p class=\"\" data-start=\"1966\" data-end=\"2026\">Zapewnienia prawid\u0142owego funkcjonowania strony internetowej.<\/p><\/li><li class=\"\" data-start=\"2027\" data-end=\"2129\"><p class=\"\" data-start=\"2029\" data-end=\"2129\">Zbierania anonimowych danych o u\u017cytkownikach, kt\u00f3re pozwalaj\u0105 nam ulepsza\u0107 nasz\u0105 stron\u0119 internetow\u0105.<\/p><\/li><\/ul><h3 class=\"\" data-start=\"2131\" data-end=\"2151\">3. Pliki cookies<\/h3><p class=\"\" data-start=\"2153\" data-end=\"2260\">Nasza strona internetowa u\u017cywa plik\u00f3w cookies, kt\u00f3re s\u0105 przechowywane na urz\u0105dzeniu u\u017cytkownika i s\u0142u\u017c\u0105 do:<\/p><ul data-start=\"2262\" data-end=\"2468\"><li class=\"\" data-start=\"2262\" data-end=\"2306\"><p class=\"\" data-start=\"2264\" data-end=\"2306\">Zapewnienia prawid\u0142owego dzia\u0142ania strony.<\/p><\/li><li class=\"\" data-start=\"2307\" data-end=\"2418\"><p class=\"\" data-start=\"2309\" data-end=\"2418\">Analizy statystycznej i \u015bledzenia interakcji z nasz\u0105 stron\u0105 (za pomoc\u0105 narz\u0119dzi takich jak Google Analytics).<\/p><\/li><li class=\"\" data-start=\"2419\" data-end=\"2468\"><p class=\"\" data-start=\"2421\" data-end=\"2468\">Ulepszania funkcjonalno\u015bci strony internetowej.<\/p><\/li><\/ul><p class=\"\" data-start=\"2470\" data-end=\"2529\">Cookies wykorzystywane przez nasz\u0105 stron\u0119 s\u0105 podzielone na:<\/p><ul data-start=\"2531\" data-end=\"2913\"><li class=\"\" data-start=\"2531\" data-end=\"2700\"><p class=\"\" data-start=\"2533\" data-end=\"2700\"><strong data-start=\"2533\" data-end=\"2552\">Cookies sesyjne<\/strong> \u2013 tymczasowe pliki cookies, kt\u00f3re wygasaj\u0105 po zamkni\u0119ciu przegl\u0105darki internetowej. S\u0142u\u017c\u0105 one do zapami\u0119tywania ustawie\u0144 u\u017cytkownika podczas sesji.<\/p><\/li><li class=\"\" data-start=\"2701\" data-end=\"2913\"><p class=\"\" data-start=\"2703\" data-end=\"2913\"><strong data-start=\"2703\" data-end=\"2721\">Cookies trwa\u0142e<\/strong> \u2013 pozostaj\u0105 na urz\u0105dzeniu u\u017cytkownika przez okre\u015blony czas, nawet po zamkni\u0119ciu przegl\u0105darki. Wykorzystywane s\u0105 w celu zapami\u0119tania preferencji u\u017cytkownika przy kolejnych wizytach na stronie.<\/p><\/li><\/ul><h3 class=\"\" data-start=\"2915\" data-end=\"2938\">4. Google Analytics<\/h3><p class=\"\" data-start=\"2940\" data-end=\"3578\">Nasza strona internetowa korzysta z narz\u0119dzia <strong data-start=\"2986\" data-end=\"3006\">Google Analytics<\/strong>, kt\u00f3re jest dostarczane przez firm\u0119 Google LLC. Google Analytics zbiera anonimowe dane dotycz\u0105ce interakcji u\u017cytkownik\u00f3w z nasz\u0105 stron\u0105, takie jak czas sp\u0119dzony na stronie, odwiedzone podstrony, lokalizacja geograficzna i urz\u0105dzenie, z kt\u00f3rego u\u017cytkownik korzysta. Celem zbierania tych danych jest analiza statystyczna, kt\u00f3ra pomaga nam ulepsza\u0107 funkcjonalno\u015b\u0107 naszej witryny.<br data-start=\"3383\" data-end=\"3386\" \/>U\u017cytkownicy mog\u0105 zrezygnowa\u0107 z \u015bledzenia przez Google Analytics, instaluj\u0105c w swojej przegl\u0105darce rozszerzenie Google Analytics Opt-out Browser Add-on, kt\u00f3re pozwala na dezaktywacj\u0119 narz\u0119dzia.<\/p><h3 class=\"\" data-start=\"3580\" data-end=\"3603\">5. Zgoda na cookies<\/h3><p class=\"\" data-start=\"3605\" data-end=\"3870\">Korzystaj\u0105c z naszej strony internetowej, wyra\u017casz zgod\u0119 na stosowanie plik\u00f3w cookies, w tym na zbieranie danych za pomoc\u0105 Google Analytics w celu analizy ruchu na stronie. Mo\u017cesz w ka\u017cdej chwili zarz\u0105dza\u0107 ustawieniami cookies lub wy\u0142\u0105czy\u0107 je w swojej przegl\u0105darce.<\/p><h3 class=\"\" data-start=\"3872\" data-end=\"3899\">6. Udost\u0119pnianie danych<\/h3><p class=\"\" data-start=\"3901\" data-end=\"4109\">Nie udost\u0119pniamy ani nie sprzedajemy danych osobowych u\u017cytkownik\u00f3w osobom trzecim. Dane s\u0105 wykorzystywane tylko w celach zwi\u0105zanych z prawid\u0142owym funkcjonowaniem strony internetowej oraz analiz\u0105 statystyczn\u0105.<\/p><h3 class=\"\" data-start=\"4111\" data-end=\"4129\">7. Twoje prawa<\/h3><p class=\"\" data-start=\"4131\" data-end=\"4145\">Masz prawo do:<\/p><ul data-start=\"4147\" data-end=\"4532\"><li class=\"\" data-start=\"4147\" data-end=\"4204\"><p class=\"\" data-start=\"4149\" data-end=\"4204\">Dost\u0119pu do swoich danych osobowych, kt\u00f3re przetwarzamy.<\/p><\/li><li class=\"\" data-start=\"4205\" data-end=\"4283\"><p class=\"\" data-start=\"4207\" data-end=\"4283\">\u017b\u0105dania poprawienia, usuni\u0119cia lub ograniczenia przetwarzania swoich danych.<\/p><\/li><li class=\"\" data-start=\"4284\" data-end=\"4407\"><p class=\"\" data-start=\"4286\" data-end=\"4407\">Cofni\u0119cia zgody na przetwarzanie danych osobowych w dowolnym momencie, je\u015bli przetwarzanie odbywa si\u0119 na podstawie zgody.<\/p><\/li><li class=\"\" data-start=\"4408\" data-end=\"4532\"><p class=\"\" data-start=\"4410\" data-end=\"4532\">Z\u0142o\u017cenia skargi do organu nadzorczego, je\u015bli uznasz, \u017ce przetwarzanie danych narusza przepisy o ochronie danych osobowych.<\/p><\/li><\/ul><h3 class=\"\" data-start=\"4534\" data-end=\"4548\">8. Kontakt<\/h3><p class=\"\" data-start=\"4550\" data-end=\"4630\">W przypadku pyta\u0144 dotycz\u0105cych przetwarzania danych osobowych, prosimy o kontakt:<\/p><p class=\"\" data-start=\"4632\" data-end=\"4754\">DIM BUD DMYTRO ROMANCHUK<br data-start=\"4656\" data-end=\"4659\" \/>ul. Jugos\u0142owia\u0144ska 15D\/56<br data-start=\"4684\" data-end=\"4687\" \/>03-984 Warszawa<br data-start=\"4702\" data-end=\"4705\" \/>Tel. +48 788 700 173<br data-start=\"4725\" data-end=\"4728\" \/>Email: <a rel=\"noopener\" data-start=\"4735\" data-end=\"4754\">dmutro939@gmail.com<\/a><\/p><hr class=\"\" data-start=\"4756\" data-end=\"4759\" \/><p class=\"\" data-start=\"4761\" data-end=\"4788\"><strong data-start=\"4761\" data-end=\"4788\">Polityka Plik\u00f3w Cookies<\/strong><\/p><p class=\"\" data-start=\"4790\" data-end=\"4816\"><strong data-start=\"4790\" data-end=\"4816\">Czym s\u0105 pliki cookies?<\/strong><\/p><p class=\"\" data-start=\"4818\" data-end=\"5036\">Pliki cookies to ma\u0142e pliki tekstowe, kt\u00f3re s\u0105 przechowywane na urz\u0105dzeniu u\u017cytkownika podczas odwiedzania strony internetowej. Dzi\u0119ki nim mo\u017cemy rozpozna\u0107 u\u017cytkownika oraz poprawi\u0107 komfort korzystania z naszej strony.<\/p><p class=\"\" data-start=\"5038\" data-end=\"5064\"><strong data-start=\"5038\" data-end=\"5064\">Rodzaje plik\u00f3w cookies<\/strong><\/p><p class=\"\" data-start=\"5066\" data-end=\"5121\">Na naszej stronie stosujemy dwa rodzaje plik\u00f3w cookies:<\/p><ul data-start=\"5123\" data-end=\"5363\"><li class=\"\" data-start=\"5123\" data-end=\"5222\"><p class=\"\" data-start=\"5125\" data-end=\"5222\"><strong data-start=\"5125\" data-end=\"5144\">Cookies sesyjne<\/strong> \u2013 pliki tymczasowe, kt\u00f3re s\u0105 usuwane po zamkni\u0119ciu przegl\u0105darki internetowej.<\/p><\/li><li class=\"\" data-start=\"5223\" data-end=\"5363\"><p class=\"\" data-start=\"5225\" data-end=\"5363\"><strong data-start=\"5225\" data-end=\"5243\">Cookies trwa\u0142e<\/strong> \u2013 pliki, kt\u00f3re pozostaj\u0105 na urz\u0105dzeniu u\u017cytkownika przez okre\u015blony czas lub do momentu ich usuni\u0119cia przez u\u017cytkownika.<\/p><\/li><\/ul><p class=\"\" data-start=\"5365\" data-end=\"5399\"><strong data-start=\"5365\" data-end=\"5399\">Jak zarz\u0105dza\u0107 plikami cookies?<\/strong><\/p><p class=\"\" data-start=\"5401\" data-end=\"5628\">U\u017cytkownik ma mo\u017cliwo\u015b\u0107 zarz\u0105dzania plikami cookies poprzez ustawienia w swojej przegl\u0105darce internetowej. Mo\u017ce zablokowa\u0107 lub usun\u0105\u0107 pliki cookies, ale nale\u017cy pami\u0119ta\u0107, \u017ce mo\u017ce to wp\u0142yn\u0105\u0107 na funkcjonalno\u015b\u0107 strony internetowej.<\/p><p class=\"\" data-start=\"5630\" data-end=\"5659\"><strong data-start=\"5630\" data-end=\"5659\">Zmiany w polityce cookies<\/strong><\/p><p class=\"\" data-start=\"5661\" data-end=\"5761\">Zastrzegamy sobie prawo do zmiany polityki cookies. Wszelkie zmiany b\u0119d\u0105 publikowane na tej stronie.<\/p>\t\t\t\t\t\t\t\t<\/div>\n\t\t\t\t<\/div>\n\t\t\t\t\t<\/div>\n\t\t\t\t<\/div>\n\t\t<div class=\"elementor-element elementor-element-2b935d9 e-flex e-con-boxed e-con e-parent\" data-id=\"2b935d9\" data-element_type=\"container\">\n\t\t\t\t\t<div class=\"e-con-inner\">\n\t\t\t\t<div class=\"elementor-element elementor-element-2cf39c3 elementor-widget elementor-widget-button\" data-id=\"2cf39c3\" data-element_type=\"widget\" data-widget_type=\"button.default\">\n\t\t\t\t<div class=\"elementor-widget-container\">\n\t\t\t\t\t\t\t\t\t<div class=\"elementor-button-wrapper\">\n\t\t\t\t\t<a class=\"elementor-button elementor-button-link elementor-size-sm\" href=\"https:\/\/dimbud.pl\/\">\n\t\t\t\t\t\t<span class=\"elementor-button-content-wrapper\">\n\t\t\t\t\t\t\t\t\t<span class=\"elementor-button-text\">Akceptuj\u0119 i wracam do strony<\/span>\n\t\t\t\t\t<\/span>\n\t\t\t\t\t<\/a>\n\t\t\t\t<\/div>\n\t\t\t\t\t\t\t\t<\/div>\n\t\t\t\t<\/div>\n\t\t\t\t\t<\/div>\n\t\t\t\t<\/div>\n\t\t\t\t<\/div>\n\t\t","protected":false},"excerpt":{"rendered":"<p>Polityka Prywatno\u015bci i cookies Data ostatniej aktualizacji: 09.04.2025 Firma DIM BUD DMYTRO ROMANCHUK z siedzib\u0105 w Warszawie, ul. Jugos\u0142owia\u0144ska 15D\/56, 03-984 Warszawa, (&#8222;my&#8221;, &#8222;nas&#8221;, &#8222;nasza firma&#8221;) szanuje prywatno\u015b\u0107 u\u017cytkownik\u00f3w odwiedzaj\u0105cych nasz\u0105 stron\u0119 internetow\u0105 i zobowi\u0105zuje si\u0119 do ochrony danych osobowych zgodnie z obowi\u0105zuj\u0105cymi przepisami prawa, w tym z Rozporz\u0105dzeniem Parlamentu Europejskiego i Rady (UE) 2016\/679 [&hellip;]<\/p>\n","protected":false},"author":1,"featured_media":0,"parent":0,"menu_order":0,"comment_status":"closed","ping_status":"open","template":"","meta":{"om_disable_all_campaigns":false,"_monsterinsights_skip_tracking":false,"_monsterinsights_sitenote_active":false,"_monsterinsights_sitenote_note":"","_monsterinsights_sitenote_category":0,"ocean_post_layout":"","ocean_both_sidebars_style":"","ocean_both_sidebars_content_width":0,"ocean_both_sidebars_sidebars_width":0,"ocean_sidebar":"","ocean_second_sidebar":"","ocean_disable_margins":"enable","ocean_add_body_class":"","ocean_shortcode_before_top_bar":"","ocean_shortcode_after_top_bar":"","ocean_shortcode_before_header":"","ocean_shortcode_after_header":"","ocean_has_shortcode":"","ocean_shortcode_after_title":"","ocean_shortcode_before_footer_widgets":"","ocean_shortcode_after_footer_widgets":"","ocean_shortcode_before_footer_bottom":"","ocean_shortcode_after_footer_bottom":"","ocean_display_top_bar":"default","ocean_display_header":"default","ocean_header_style":"","ocean_center_header_left_menu":"","ocean_custom_header_template":"","ocean_custom_logo":0,"ocean_custom_retina_logo":0,"ocean_custom_logo_max_width":0,"ocean_custom_logo_tablet_max_width":0,"ocean_custom_logo_mobile_max_width":0,"ocean_custom_logo_max_height":0,"ocean_custom_logo_tablet_max_height":0,"ocean_custom_logo_mobile_max_height":0,"ocean_header_custom_menu":"","ocean_menu_typo_font_family":"","ocean_menu_typo_font_subset":"","ocean_menu_typo_font_size":0,"ocean_menu_typo_font_size_tablet":0,"ocean_menu_typo_font_size_mobile":0,"ocean_menu_typo_font_size_unit":"px","ocean_menu_typo_font_weight":"","ocean_menu_typo_font_weight_tablet":"","ocean_menu_typo_font_weight_mobile":"","ocean_menu_typo_transform":"","ocean_menu_typo_transform_tablet":"","ocean_menu_typo_transform_mobile":"","ocean_menu_typo_line_height":0,"ocean_menu_typo_line_height_tablet":0,"ocean_menu_typo_line_height_mobile":0,"ocean_menu_typo_line_height_unit":"","ocean_menu_typo_spacing":0,"ocean_menu_typo_spacing_tablet":0,"ocean_menu_typo_spacing_mobile":0,"ocean_menu_typo_spacing_unit":"","ocean_menu_link_color":"","ocean_menu_link_color_hover":"","ocean_menu_link_color_active":"","ocean_menu_link_background":"","ocean_menu_link_hover_background":"","ocean_menu_link_active_background":"","ocean_menu_social_links_bg":"","ocean_menu_social_hover_links_bg":"","ocean_menu_social_links_color":"","ocean_menu_social_hover_links_color":"","ocean_disable_title":"default","ocean_disable_heading":"default","ocean_post_title":"","ocean_post_subheading":"","ocean_post_title_style":"","ocean_post_title_background_color":"","ocean_post_title_background":0,"ocean_post_title_bg_image_position":"","ocean_post_title_bg_image_attachment":"","ocean_post_title_bg_image_repeat":"","ocean_post_title_bg_image_size":"","ocean_post_title_height":0,"ocean_post_title_bg_overlay":0.5,"ocean_post_title_bg_overlay_color":"","ocean_disable_breadcrumbs":"default","ocean_breadcrumbs_color":"","ocean_breadcrumbs_separator_color":"","ocean_breadcrumbs_links_color":"","ocean_breadcrumbs_links_hover_color":"","ocean_display_footer_widgets":"default","ocean_display_footer_bottom":"default","ocean_custom_footer_template":"","footnotes":""},"class_list":["post-3","page","type-page","status-publish","hentry","entry"],"aioseo_notices":[],"_links":{"self":[{"href":"https:\/\/dimbud.pl\/index.php\/wp-json\/wp\/v2\/pages\/3","targetHints":{"allow":["GET"]}}],"collection":[{"href":"https:\/\/dimbud.pl\/index.php\/wp-json\/wp\/v2\/pages"}],"about":[{"href":"https:\/\/dimbud.pl\/index.php\/wp-json\/wp\/v2\/types\/page"}],"author":[{"embeddable":true,"href":"https:\/\/dimbud.pl\/index.php\/wp-json\/wp\/v2\/users\/1"}],"replies":[{"embeddable":true,"href":"https:\/\/dimbud.pl\/index.php\/wp-json\/wp\/v2\/comments?post=3"}],"version-history":[{"count":16,"href":"https:\/\/dimbud.pl\/index.php\/wp-json\/wp\/v2\/pages\/3\/revisions"}],"predecessor-version":[{"id":210,"href":"https:\/\/dimbud.pl\/index.php\/wp-json\/wp\/v2\/pages\/3\/revisions\/210"}],"wp:attachment":[{"href":"https:\/\/dimbud.pl\/index.php\/wp-json\/wp\/v2\/media?parent=3"}],"curies":[{"name":"wp","href":"https:\/\/api.w.org\/{rel}","templated":true}]}}